d by 14.
12
What is the remainder when 688 is divided by 67?
18
What is the remainder when 167 is divided by 56?
55
Calculate the remainder when 1698 is divided by 55.
48
What is the remainder when 898 is divided by 36?
34
Calculate the remainder when 3002 is divided by 126.
104
Calculate the remainder when 137 is divided by 106.
31
Calculate the remainder when 39 is divided by 15.
9
Calculate the remainder when 662 is divided by 93.
11
What is the remainder when 57 is divided by 30?
27
What is the remainder when 20 is divided by 7?
6
What is the remainder when 847 is divided by 52?
15
Calculate the remainder when 277 is divided by 34.
5
What is the remainder when 1126 is divided by 551?
24
Calculate the remainder when 1494 is divided by 11.
9
Calculate the remainder when 226 is divided by 54.
10
Calculate the remainder when 1906 is divided by 947.
12
What is the remainder when 443 is divided by 60?
23
Calculate the remainder when 2874 is divided by 156.
66
Calculate the remainder when 46 is divided by 12.
10
Calculate the remainder when 879 is divided by 110.
109
What is the remainder when 2508 is divided by 36?
24
What is the remainder when 100 is divided by 36?
28
Calculate the remainder when 487 is divided by 81.
1
Calculate the remainder when 3034 is divided by 169.
161
What is the remainder when 3869 is divided by 10?
9
Calculate the remainder when 416 is divided by 45.
11
Calculate the remainder when 57 is divided by 24.
9
Calculate the remainder when 1084 is divided by 23.
3
Calculate the remainder when 137 is divided by 62.
13
Calculate the remainder when 5302 is divided by 231.
220
Calculate the remainder when 1096 is divided by 58.
52
What is the remainder when 637 is divided by 64?
61
Calculate the remainder when 4572 is divided by 2277.
18
Calculate the remainder when 6022 is divided by 21.
16
Calculate the remainder when 971 is divided by 252.
215
Calculate the remainder when 127 is divided by 38.
13
What is the remainder when 68 is divided by 42?
26
Calculate the remainder when 1994 is divided by 27.
23
Calculate the remainder when 119 is divided by 27.
11
What is the remainder when 588 is divided by 30?
18
Calculate the remainder when 146 is divided by 91.
55
Calculate the remainder when 6862 is divided by 104.
102
What is the remainder when 381 is divided by 35?
31
What is the remainder when 521 is divided by 84?
17
Calculate the remainder when 332 is divided by 63.
17
What is the remainder when 368 is divided by 113?
29
What is the remainder when 503 is divided by 66?
41
Calculate the remainder when 1413 is divided by 143.
126
Calculate the remainder when 9346 is divided by 57.
55
What is the remainder when 909 is divided by 68?
25
What is the remainder when 2869 is divided by 87?
85
What is the remainder when 270 is divided by 16?
14
Calculate the remainder when 716 is divided by 20.
16
Calculate the remainder when 694 is divided by 17.
14
Calculate the remainder when 865 is divided by 142.
13
What is the remainder when 88 is divided by 41?
6
What is the remainder when 278 is divided by 34?
6
What is the remainder when 250 is divided by 12?
10
What is the remainder when 1187 is divided by 108?
107
What is the remainder when 214 is divided by 38?
24
Calculate the remainder when 158 is divided by 40.
38
What is the remainder when 502 is divided by 67?
33
What is the remainder when 1589 is divided by 8?
5
Calculate the remainder when 1471 is divided by 51.
43
What is the remainder when 114 is divided by 17?
12
Calculate the remainder when 490 is divided by 478.
12
Calculate the remainder when 84 is divided by 11.
7
What is the remainder when 211 is divided by 45?
31
Calculate the remainder when 67 is divided by 34.
33
Calculate the remainder when 160 is divided by 25.
10
What is the remainder when 306 is divided by 77?
75
Calculate the remainder when 604 is divided by 29.
24
What is the remainder when 20670 is divided by 16?
14
Calculate the remainder when 673 is divided by 116.
93
Calculate the remainder when 263 is divided by 250.
13
Calculate the remainder when 785 is divided by 31.
10
Calculate the remainder when 46 is divided by 4.
2
What is the remainder when 432 is divided by 28?
12
Calculate the remainder when 802 is divided by 11.
10
Calculate the remainder when 231 is divided by 58.
57
What is the remainder when 1478 is divided by 53?
47
Calculate the remainder when 747 is divided by 6.
3
Calculate the remainder when 140 is divided by 63.
14
What is the remainder when 165 is divided by 21?
18
What is the remainder when 179 is divided by 47?
38
Calculate the remainder when 3976 is divided by 13.
11
What is the remainder when 3 is divided by 3?
0
Calculate the remainder when 59 is divided by 15.
14
Calculate the remainder when 363 is divided by 34.
23
Calculate the remainder when 46 is divided by 7.
4
What is the remainder when 644 is divided by 198?
50
What is the remainder when 7966 is divided by 51?
10
Calculate the remainder when 193 is divided by 15.
13
Calculate the remainder when 483 is divided by 67.
14
Calculate the remainder when 427 is divided by 85.
2
Calculate the remainder when 466 is divided by 44.
26
Calculate the remainder when 3286 is divided by 173.
172
What is the remainder when 46 is divided by 6?
4
What is the remainder when 141 is divided by 11?
9
Calculate the remainder when 1082 is divided by 17.
11
Calculate the remainder when 281 is divided by 58.
49
What is the remainder when 1222 is divided by 308?
298
What is the remainder when 1129 is divided by 18?
13
Calculate the remainder when 5879 is divided by 2937.
5
What is the remainder when 427 is divided by 210?
7
What is the remainder when 2243 is divided by 34?
33
What is the remainder when 1575 is divided by 106?
91
Calculate the remainder when 294 is divided by 9.
6
What is the remainder when 168 is divided by 22?
14
What is the remainder when 300 is divided by 102?
96
Calculate the remainder when 348 is divided by 70.
68
What is the remainder when 83 is divided by 5?
3
What is the remainder when 207 is divided by 32?
15
Calculate the remainder when 85 is divided by 19.
9
What is the remainder when 107 is divided by 26?
3
What is the remainder when 896 is divided by 289?
29
What is the remainder when 179 is divided by 45?
44
What is the remainder when 993 is divided by 43?
4
Calculate the remainder when 757 is divided by 366.
25
What is the remainder when 908 is divided by 53?
7
Calculate the remainder when 4707 is divided by 56.
3
Calculate the remainder when 159 is divided by 25.
9
Calculate the remainder when 366 is divided by 106.
48
What is the remainder when 26891 is divided by 328?
323
What is the remainder when 29432 is divided by 145?
142
Calculate the remainder when 11986 is divided by 148.
146
What is the remainder when 3385 is divided by 11?
8
What is the remainder when 163 is divided by 79?
5
Calculate the remainder when 404 is divided by 390.
14
What is the remainder when 443 is divided by 153?
137
Calculate the remainder when 8240 is divided by 26.
24
What is the remainder when 30 is divided by 9?
3
Calculate the remainder when 7370 is divided by 97.
95
What is the remainder when 18 is divided by 7?
4
Calculate the remainder when 754 is divided by 12.
10
What is the remainder when 1167 is divided by 130?
127
What is the remainder when 110 is divided by 2?
0
What is the remainder when 133 is divided by 46?
41
What is the remainder when 123 is divided by 71?
52
What is the remainder when 54 is divided by 14?
12
What is the remainder when 179 is divided by 36?
35
What is the remainder when 107 is divided by 97?
10
Calculate the remainder when 25307 is divided by 19.
18
Calculate the remainder when 253 is divided by 6.
1
Calculate the remainder when 959 is divided by 8.
7
Calculate the remainder when 476 is divided by 47.
6
Calculate the remainder when 328 is divided by 161.
6
Calculate the remainder when 3899 is divided by 26.
25
Calculate the remainder when 80 is divided by 5.
0
What is the remainder when 274 is divided by 20?
14
Calculate the remainder when 109 is divided by 102.
7
What is the remainder when 61 is divided by 20?
1
Calculate the remainder when 1199 is divided by 25.
24
What is the remainder when 1792 is div